{"id":892,"date":"2025-09-09T18:06:13","date_gmt":"2025-09-09T16:06:13","guid":{"rendered":"https:\/\/osnabrckerjugendchor-jsbvhc7v3e.live-website.com\/?page_id=892"},"modified":"2025-09-30T11:12:20","modified_gmt":"2025-09-30T09:12:20","slug":"biographie","status":"publish","type":"page","link":"https:\/\/os-jugendchor.de\/index.php\/biographie\/","title":{"rendered":"Biographie"},"content":{"rendered":"\n<div style=\"height:54px\" aria-hidden=\"true\" class=\"wp-block-spacer\"><\/div>\n\n\n\n<div class=\"wp-block-group has-background is-vertical is-layout-flex wp-container-core-group-is-layout-fe9cc265 wp-block-group-is-layout-flex\" style=\"border-top-left-radius:80px;border-bottom-right-radius:80px;background-color:#f04d3e\">\n<p class=\"has-white-color has-text-color has-link-color wp-elements-6bf6558637d1d6ae689120ec226fd5ed\">Der Osnabr\u00fccker Jugendchor wurde vor \u00fcber 50 Jahren am 8. M\u00e4rz 1974 von Johannes Rahe gegr\u00fcndet und steht heute unter der Leitung von Domchordirektor Clemens Breitschaft. Der Chor ist Teil der Chorstruktur am Osnabr\u00fccker Dom und gestaltet dort die Liturgie sowie regelm\u00e4\u00dfig Konzerte. Die Jugendlichen haben ihre chorische Vorbildung zumeist in den Chorgruppen der Domsingschule erhalten. Schwerpunktm\u00e4\u00dfig besteht das Repertoire aus geistlicher A-cappella-Chormusik von den Anf\u00e4ngen bis zur Gegenwart. Dar\u00fcber hinaus widmet sich der Chor auch dem oratorischen Repertoire, z.B. in regelm\u00e4\u00dfigen Kooperationskonzerten mit dem Osnabr\u00fccker Symphonieorchester.<\/p>\n\n\n\n<p class=\"has-white-color has-text-color has-link-color wp-elements-004aeaac236669cdbd8b932e499cae24\">Konzertreisen f\u00fchrten den Chor in viele Teile der Welt wie z.B. S\u00fcdamerika, USA, Kanada, Japan, Israel, Ghana und in die meisten L\u00e4nder Europas.<\/p>\n\n\n\n<p class=\"has-white-color has-text-color has-link-color wp-elements-47e7ddc0e591064938a368282ad22076\">Eine enge Kooperation besteht mit dem Morgenland Festival Osnabr\u00fcck. Sie f\u00fchrten den Chor im Rahmen von kulturellen Austauschprojekten in den Iran (2009), nach Syrien und Jordanien (2010), Kurdistan\/Nordirak (2013), Libanon (2017) und zuletzt nach Kirgistan und Kasachstan (2019).<\/p>\n\n\n\n<p class=\"has-white-color has-text-color has-link-color wp-elements-cc3ada42a17571e38c85852020dd121e\">2014 musizierte der Chor gemeinsam mit dem Philharmonia Orchestra und Ch\u00f6ren aus England, Belgien und Frankreich als Vertreter Deutschlands bei einem Gedenkkonzert in der Royal Albert Hall in London zur Erinnerung an den Ausbruch des Ersten Weltkrieges vor 100 Jahren. Erst vor Kurzem kooperierte der Chor im Rahmen der Feierlichkeiten zu \u201e375 Jahre Westf\u00e4lischer Frieden\u201c mit der NDR Big Band. Im Laufe der 50-j\u00e4hrigen Chorgeschichte sind zudem zahlreiche CD-, Rundfunk- und TV-Produktionen entstanden.&nbsp;<\/p>\n\n\n\n<p class=\"has-white-color has-text-color has-link-color wp-elements-9c2be2ec6fd989983cc76996b825b124\">Im Juni 2024 erreichte der Chor beim bundesweiten Chorwettbewerb f\u00fcr Jugendch\u00f6re in Erwitte einen 1. Preis in seiner Kategorie und einen Sonderpreis f\u00fcr die beste Interpretation eines zeitgen\u00f6ssischen St\u00fcckes.&nbsp;<\/p>\n<\/div>\n\n\n\n<div style=\"height:54px\" aria-hidden=\"true\" class=\"wp-block-spacer\"><\/div>\n","protected":false},"excerpt":{"rendered":"<p>Der Osnabr\u00fccker Jugendchor wurde vor \u00fcber 50 Jahren am 8. M\u00e4rz 1974 von Johannes Rahe gegr\u00fcndet und steht heute unter der Leitung von Domchordirektor Clemens Breitschaft. Der Chor ist Teil der Chorstruktur am Osnabr\u00fccker Dom und gestaltet dort die Liturgie sowie regelm\u00e4\u00dfig Konzerte. Die Jugendlichen haben ihre chorische Vorbildung zumeist in den Chorgruppen der Domsingschule [&hellip;]<\/p>\n","protected":false},"author":2,"featured_media":0,"parent":0,"menu_order":0,"comment_status":"closed","ping_status":"closed","template":"","meta":{"_uag_custom_page_level_css":"","site-sidebar-layout":"default","site-content-layout":"","ast-site-content-layout":"default","site-content-style":"default","site-sidebar-style":"default","ast-global-header-display":"","ast-banner-title-visibility":"","ast-main-header-display":"","ast-hfb-above-header-display":"","ast-hfb-below-header-display":"","ast-hfb-mobile-header-display":"","site-post-title":"disabled","ast-breadcrumbs-content":"","ast-featured-img":"","footer-sml-layout":"","ast-disable-related-posts":"","theme-transparent-header-meta":"","adv-header-id-meta":"","stick-header-meta":"","header-above-stick-meta":"","header-main-stick-meta":"","header-below-stick-meta":"","astra-migrate-meta-layouts":"default","ast-page-background-enabled":"default","ast-page-background-meta":{"desktop":{"background-color":"var(--ast-global-color-5)","background-image":"","background-repeat":"repeat","background-position":"center center","background-size":"auto","background-attachment":"scroll","background-type":"","background-media":"","overlay-type":"","overlay-color":"","overlay-opacity":"","overlay-gradient":""},"tablet":{"background-color":"","background-image":"","background-repeat":"repeat","background-position":"center center","background-size":"auto","background-attachment":"scroll","background-type":"","background-media":"","overlay-type":"","overlay-color":"","overlay-opacity":"","overlay-gradient":""},"mobile":{"background-color":"","background-image":"","background-repeat":"repeat","background-position":"center center","background-size":"auto","background-attachment":"scroll","background-type":"","background-media":"","overlay-type":"","overlay-color":"","overlay-opacity":"","overlay-gradient":""}},"ast-content-background-meta":{"desktop":{"background-color":"var(--ast-global-color-4)","background-image":"","background-repeat":"repeat","background-position":"center center","background-size":"auto","background-attachment":"scroll","background-type":"","background-media":"","overlay-type":"","overlay-color":"","overlay-opacity":"","overlay-gradient":""},"tablet":{"background-color":"var(--ast-global-color-4)","background-image":"","background-repeat":"repeat","background-position":"center center","background-size":"auto","background-attachment":"scroll","background-type":"","background-media":"","overlay-type":"","overlay-color":"","overlay-opacity":"","overlay-gradient":""},"mobile":{"background-color":"var(--ast-global-color-4)","background-image":"","background-repeat":"repeat","background-position":"center center","background-size":"auto","background-attachment":"scroll","background-type":"","background-media":"","overlay-type":"","overlay-color":"","overlay-opacity":"","overlay-gradient":""}},"footnotes":""},"class_list":["post-892","page","type-page","status-publish","hentry"],"uagb_featured_image_src":{"full":false,"thumbnail":false,"medium":false,"medium_large":false,"large":false,"1536x1536":false,"2048x2048":false},"uagb_author_info":{"display_name":"Richard Kullmann","author_link":"https:\/\/os-jugendchor.de\/index.php\/author\/richard\/"},"uagb_comment_info":0,"uagb_excerpt":"Der Osnabr\u00fccker Jugendchor wurde vor \u00fcber 50 Jahren am 8. M\u00e4rz 1974 von Johannes Rahe gegr\u00fcndet und steht heute unter der Leitung von Domchordirektor Clemens Breitschaft. Der Chor ist Teil der Chorstruktur am Osnabr\u00fccker Dom und gestaltet dort die Liturgie sowie regelm\u00e4\u00dfig Konzerte. Die Jugendlichen haben ihre chorische Vorbildung zumeist in den Chorgruppen der Domsingschule&hellip;","_links":{"self":[{"href":"https:\/\/os-jugendchor.de\/index.php\/wp-json\/wp\/v2\/pages\/892","targetHints":{"allow":["GET"]}}],"collection":[{"href":"https:\/\/os-jugendchor.de\/index.php\/wp-json\/wp\/v2\/pages"}],"about":[{"href":"https:\/\/os-jugendchor.de\/index.php\/wp-json\/wp\/v2\/types\/page"}],"author":[{"embeddable":true,"href":"https:\/\/os-jugendchor.de\/index.php\/wp-json\/wp\/v2\/users\/2"}],"replies":[{"embeddable":true,"href":"https:\/\/os-jugendchor.de\/index.php\/wp-json\/wp\/v2\/comments?post=892"}],"version-history":[{"count":8,"href":"https:\/\/os-jugendchor.de\/index.php\/wp-json\/wp\/v2\/pages\/892\/revisions"}],"predecessor-version":[{"id":1491,"href":"https:\/\/os-jugendchor.de\/index.php\/wp-json\/wp\/v2\/pages\/892\/revisions\/1491"}],"wp:attachment":[{"href":"https:\/\/os-jugendchor.de\/index.php\/wp-json\/wp\/v2\/media?parent=892"}],"curies":[{"name":"wp","href":"https:\/\/api.w.org\/{rel}","templated":true}]}}

<div style="height:54px" aria-hidden="true" class="wp-block-spacer"></div>



<div class="wp-block-group has-background is-vertical is-layout-flex wp-container-core-group-is-layout-fe9cc265 wp-block-group-is-layout-flex" style="border-top-left-radius:80px;border-bottom-right-radius:80px;background-color:#f04d3e">
<p class="has-white-color has-text-color has-link-color wp-elements-6bf6558637d1d6ae689120ec226fd5ed">Der Osnabrücker Jugendchor wurde vor über 50 Jahren am 8. März 1974 von Johannes Rahe gegründet und steht heute unter der Leitung von Domchordirektor Clemens Breitschaft. Der Chor ist Teil der Chorstruktur am Osnabrücker Dom und gestaltet dort die Liturgie sowie regelmäßig Konzerte. Die Jugendlichen haben ihre chorische Vorbildung zumeist in den Chorgruppen der Domsingschule erhalten. Schwerpunktmäßig besteht das Repertoire aus geistlicher A-cappella-Chormusik von den Anfängen bis zur Gegenwart. Darüber hinaus widmet sich der Chor auch dem oratorischen Repertoire, z.B. in regelmäßigen Kooperationskonzerten mit dem Osnabrücker Symphonieorchester.</p>



<p class="has-white-color has-text-color has-link-color wp-elements-004aeaac236669cdbd8b932e499cae24">Konzertreisen führten den Chor in viele Teile der Welt wie z.B. Südamerika, USA, Kanada, Japan, Israel, Ghana und in die meisten Länder Europas.</p>



<p class="has-white-color has-text-color has-link-color wp-elements-47e7ddc0e591064938a368282ad22076">Eine enge Kooperation besteht mit dem Morgenland Festival Osnabrück. Sie führten den Chor im Rahmen von kulturellen Austauschprojekten in den Iran (2009), nach Syrien und Jordanien (2010), Kurdistan/Nordirak (2013), Libanon (2017) und zuletzt nach Kirgistan und Kasachstan (2019).</p>



<p class="has-white-color has-text-color has-link-color wp-elements-cc3ada42a17571e38c85852020dd121e">2014 musizierte der Chor gemeinsam mit dem Philharmonia Orchestra und Chören aus England, Belgien und Frankreich als Vertreter Deutschlands bei einem Gedenkkonzert in der Royal Albert Hall in London zur Erinnerung an den Ausbruch des Ersten Weltkrieges vor 100 Jahren. Erst vor Kurzem kooperierte der Chor im Rahmen der Feierlichkeiten zu „375 Jahre Westfälischer Frieden“ mit der NDR Big Band. Im Laufe der 50-jährigen Chorgeschichte sind zudem zahlreiche CD-, Rundfunk- und TV-Produktionen entstanden.&nbsp;</p>



<p class="has-white-color has-text-color has-link-color wp-elements-9c2be2ec6fd989983cc76996b825b124">Im Juni 2024 erreichte der Chor beim bundesweiten Chorwettbewerb für Jugendchöre in Erwitte einen 1. Preis in seiner Kategorie und einen Sonderpreis für die beste Interpretation eines zeitgenössischen Stückes.&nbsp;</p>
</div>



<div style="height:54px" aria-hidden="true" class="wp-block-spacer"></div>

<p>Der Osnabrücker Jugendchor wurde vor über 50 Jahren am 8. März 1974 von Johannes Rahe gegründet und steht heute unter der Leitung von Domchordirektor Clemens Breitschaft. Der Chor ist Teil der Chorstruktur am Osnabrücker Dom und gestaltet dort die Liturgie sowie regelmäßig Konzerte. Die Jugendlichen haben ihre chorische Vorbildung zumeist in den Chorgruppen der Domsingschule [&hellip;]</p>

Der Osnabrücker Jugendchor wurde vor über 50 Jahren am 8. März 1974 von Johannes Rahe gegründet und steht heute unter der Leitung von Domchordirektor Clemens Breitschaft. Der Chor ist Teil der Chorstruktur am Osnabrücker Dom und gestaltet dort die Liturgie sowie regelmäßig Konzerte. Die Jugendlichen haben ihre chorische Vorbildung zumeist in den Chorgruppen der Domsingschule&hellip;
