{"id":74,"date":"2025-08-11T14:21:12","date_gmt":"2025-08-11T14:21:12","guid":{"rendered":"https:\/\/osnabrckerjugendchor-jsbvhc7v3e.live-website.com\/?page_id=74"},"modified":"2026-02-15T11:29:22","modified_gmt":"2026-02-15T09:29:22","slug":"clemens-breitschaft","status":"publish","type":"page","link":"https:\/\/os-jugendchor.de\/index.php\/chorleitung\/clemens-breitschaft\/","title":{"rendered":"Clemens Breitschaft"},"content":{"rendered":"\n<div style=\"height:54px;width:0px\" aria-hidden=\"true\" class=\"wp-block-spacer\"><\/div>\n\n\n\n<div class=\"wp-block-group alignwide is-nowrap is-layout-flex wp-container-core-group-is-layout-2c19790c wp-block-group-is-layout-flex\" style=\"margin-top:0;margin-bottom:0;padding-top:0;padding-right:0;padding-bottom:0;padding-left:0\">\n<div style=\"height:100px;width:0px\" aria-hidden=\"true\" class=\"wp-block-spacer wp-container-content-fe77df4a\"><\/div>\n\n\n\n<div class=\"wp-block-group has-ast-global-color-8-background-color has-background is-vertical is-layout-flex wp-container-core-group-is-layout-05004f0f wp-block-group-is-layout-flex\" style=\"border-top-right-radius:80px;border-bottom-left-radius:80px;margin-top:0;margin-bottom:0;padding-top:var(--wp--preset--spacing--50);padding-right:var(--wp--preset--spacing--50);padding-bottom:var(--wp--preset--spacing--50);padding-left:var(--wp--preset--spacing--50)\">\n<div class=\"wp-block-group is-nowrap is-layout-flex wp-container-core-group-is-layout-6c531013 wp-block-group-is-layout-flex\">\n<h2 class=\"wp-block-heading has-large-font-size\">Clemens Breitschaft<\/h2>\n\n\n\n<div aria-hidden=\"true\" class=\"wp-block-spacer wp-container-content-9cfa9a5a\"><\/div>\n<\/div>\n\n\n\n<div class=\"wp-block-media-text alignwide is-stacked-on-mobile is-vertically-aligned-top\" style=\"margin-top:0;margin-right:0;margin-bottom:0;margin-left:0;padding-top:0;padding-right:0;padding-bottom:0;padding-left:0;grid-template-columns:30% auto\"><figure class=\"wp-block-media-text__media\"><img loading=\"lazy\" decoding=\"async\" width=\"1024\" height=\"683\" src=\"https:\/\/osnabrckerjugendchor-jsbvhc7v3e.live-website.com\/wp-content\/uploads\/2026\/02\/Clemens-k-1024x683.jpg\" alt=\"\" class=\"wp-image-2026 size-full\" srcset=\"https:\/\/os-jugendchor.de\/wp-content\/uploads\/2026\/02\/Clemens-k-1024x683.jpg 1024w, https:\/\/os-jugendchor.de\/wp-content\/uploads\/2026\/02\/Clemens-k-300x200.jpg 300w, https:\/\/os-jugendchor.de\/wp-content\/uploads\/2026\/02\/Clemens-k-768x512.jpg 768w, https:\/\/os-jugendchor.de\/wp-content\/uploads\/2026\/02\/Clemens-k-1536x1024.jpg 1536w, https:\/\/os-jugendchor.de\/wp-content\/uploads\/2026\/02\/Clemens-k.jpg 2048w\" sizes=\"auto, (max-width: 1024px) 100vw, 1024px\" \/><\/figure><div class=\"wp-block-media-text__content\">\n<p style=\"text-align: justify;\">stammt geb\u00fcrtig aus dem hessischen Hadamar und wuchs in Mainz auf. Dort erhielt er seine erste musikalische und stimmliche Ausbildung im Mainzer Domchor unter der Leitung seines Vaters, Domkapellmeister Mathias Breitschaft. Nach dem Abitur studierte er Schulmusik und Chordirigieren an der Hochschule f\u00fcr Musik und Darstellende Kunst in Frankfurt am Main. Im Hauptfach Gesang wurde er von Prof. Michael Schopper und Prof. Melinda Paulsen unterrichtet, Chordirigieren studierte er bei Prof. Wolfgang Sch\u00e4fer. Schon w\u00e4hrend dieser Zeit leitete er mehrere Ch\u00f6re im Rhein-Main-Gebiet.<\/p>\n<p style=\"text-align: justify;\">Am Mainzer Dom \u00fcbernahm er regelm\u00e4\u00dfig Vertretungen in der Probenarbeit und bei Gottesdiensten und war als Stimmbildner t\u00e4tig.<\/p>\n<p style=\"text-align: justify;\">Als Dozent f\u00fcr Stimmbildung unterrichtete er au\u00dferdem am Institut f\u00fcr Kirchenmusik in Mainz. Auftritte als Bass-Solist f\u00fchrten ihn unter anderem an die Dome zu Mainz, M\u00fcnster,\u00a0Worms und Trier. Im Jahr 2009 trat er bei einem Gala-Konzert im ZDF zum 1000-j\u00e4hrigen Jubil\u00e4um des Mainzer Doms im Soloquartett gemeinsam mit Diana Damrau und Elina Garan\u00e7a auf. Desweiteren wirkte er in diesen Jahren regelm\u00e4\u00dfig in verschiedenen hochkar\u00e4tigen Ensembles wie dem Stuttgarter Kammerchor, Immortal Bach Ensemble, ChorwerkRuhr und der Bachakademie Stuttgart mit, wo er unter namhaften Dirigenten wie Helmuth Rilling, Frieder Bernius, Reinhard Goebel und Morten Schuldt-Jensen in ganz Europa konzertierte. CD-Einspielungen, Rundfunk- und Fernsehmitschnitte belegen sein k\u00fcnstlerisches Wirken.<\/p>\n<p style=\"text-align: justify;\">Mitte 2009 begann Clemens Breitschaft seine T\u00e4tigkeit in Osnabr\u00fcck als Musiklehrer der Chorklassen an der Ursulaschule Osnabr\u00fcck und als Assistent am Osnabr\u00fccker Dom.<\/p>\n<p style=\"text-align: justify;\">Seit dem 1. August 2012 ist er neuer Domchordirektor am Hohen Dom zu Osnabr\u00fcck und Leiter des Osnabr\u00fccker Jugendchores e. V., beides als Nachfolger von Johannes Rahe, der Mitte Mai in den Ruhestand verabschiedet wurde.<\/p>\n<\/div><\/div>\n<\/div>\n\n\n\n<div style=\"height:100px;width:0px\" aria-hidden=\"true\" class=\"wp-block-spacer wp-container-content-fe77df4a\"><\/div>\n<\/div>\n\n\n\n<div style=\"height:54px;width:0px\" aria-hidden=\"true\" class=\"wp-block-spacer\"><\/div>\n","protected":false},"excerpt":{"rendered":"<p>Clemens Breitschaft stammt geb\u00fcrtig aus dem hessischen Hadamar und wuchs in Mainz auf. Dort erhielt er seine erste musikalische und stimmliche Ausbildung im Mainzer Domchor unter der Leitung seines Vaters, Domkapellmeister Mathias Breitschaft. Nach dem Abitur studierte er Schulmusik und Chordirigieren an der Hochschule f\u00fcr Musik und Darstellende Kunst in Frankfurt am Main. Im Hauptfach [&hellip;]<\/p>\n","protected":false},"author":4,"featured_media":0,"parent":46,"menu_order":0,"comment_status":"closed","ping_status":"closed","template":"","meta":{"_uag_custom_page_level_css":"","site-sidebar-layout":"default","site-content-layout":"","ast-site-content-layout":"default","site-content-style":"default","site-sidebar-style":"default","ast-global-header-display":"","ast-banner-title-visibility":"","ast-main-header-display":"","ast-hfb-above-header-display":"","ast-hfb-below-header-display":"","ast-hfb-mobile-header-display":"","site-post-title":"disabled","ast-breadcrumbs-content":"","ast-featured-img":"","footer-sml-layout":"","ast-disable-related-posts":"","theme-transparent-header-meta":"","adv-header-id-meta":"","stick-header-meta":"","header-above-stick-meta":"","header-main-stick-meta":"","header-below-stick-meta":"","astra-migrate-meta-layouts":"default","ast-page-background-enabled":"default","ast-page-background-meta":{"desktop":{"background-color":"var(--ast-global-color-5)","background-image":"","background-repeat":"repeat","background-position":"center center","background-size":"auto","background-attachment":"scroll","background-type":"","background-media":"","overlay-type":"","overlay-color":"","overlay-opacity":"","overlay-gradient":""},"tablet":{"background-color":"","background-image":"","background-repeat":"repeat","background-position":"center center","background-size":"auto","background-attachment":"scroll","background-type":"","background-media":"","overlay-type":"","overlay-color":"","overlay-opacity":"","overlay-gradient":""},"mobile":{"background-color":"","background-image":"","background-repeat":"repeat","background-position":"center center","background-size":"auto","background-attachment":"scroll","background-type":"","background-media":"","overlay-type":"","overlay-color":"","overlay-opacity":"","overlay-gradient":""}},"ast-content-background-meta":{"desktop":{"background-color":"var(--ast-global-color-4)","background-image":"","background-repeat":"repeat","background-position":"center center","background-size":"auto","background-attachment":"scroll","background-type":"","background-media":"","overlay-type":"","overlay-color":"","overlay-opacity":"","overlay-gradient":""},"tablet":{"background-color":"var(--ast-global-color-4)","background-image":"","background-repeat":"repeat","background-position":"center center","background-size":"auto","background-attachment":"scroll","background-type":"","background-media":"","overlay-type":"","overlay-color":"","overlay-opacity":"","overlay-gradient":""},"mobile":{"background-color":"var(--ast-global-color-4)","background-image":"","background-repeat":"repeat","background-position":"center center","background-size":"auto","background-attachment":"scroll","background-type":"","background-media":"","overlay-type":"","overlay-color":"","overlay-opacity":"","overlay-gradient":""}},"footnotes":""},"class_list":["post-74","page","type-page","status-publish","hentry"],"uagb_featured_image_src":{"full":false,"thumbnail":false,"medium":false,"medium_large":false,"large":false,"1536x1536":false,"2048x2048":false},"uagb_author_info":{"display_name":"Hanna Dierker","author_link":"https:\/\/os-jugendchor.de\/index.php\/author\/hanna\/"},"uagb_comment_info":0,"uagb_excerpt":"Clemens Breitschaft stammt geb\u00fcrtig aus dem hessischen Hadamar und wuchs in Mainz auf. Dort erhielt er seine erste musikalische und stimmliche Ausbildung im Mainzer Domchor unter der Leitung seines Vaters, Domkapellmeister Mathias Breitschaft. Nach dem Abitur studierte er Schulmusik und Chordirigieren an der Hochschule f\u00fcr Musik und Darstellende Kunst in Frankfurt am Main. Im Hauptfach&hellip;","_links":{"self":[{"href":"https:\/\/os-jugendchor.de\/index.php\/wp-json\/wp\/v2\/pages\/74","targetHints":{"allow":["GET"]}}],"collection":[{"href":"https:\/\/os-jugendchor.de\/index.php\/wp-json\/wp\/v2\/pages"}],"about":[{"href":"https:\/\/os-jugendchor.de\/index.php\/wp-json\/wp\/v2\/types\/page"}],"author":[{"embeddable":true,"href":"https:\/\/os-jugendchor.de\/index.php\/wp-json\/wp\/v2\/users\/4"}],"replies":[{"embeddable":true,"href":"https:\/\/os-jugendchor.de\/index.php\/wp-json\/wp\/v2\/comments?post=74"}],"version-history":[{"count":10,"href":"https:\/\/os-jugendchor.de\/index.php\/wp-json\/wp\/v2\/pages\/74\/revisions"}],"predecessor-version":[{"id":2081,"href":"https:\/\/os-jugendchor.de\/index.php\/wp-json\/wp\/v2\/pages\/74\/revisions\/2081"}],"up":[{"embeddable":true,"href":"https:\/\/os-jugendchor.de\/index.php\/wp-json\/wp\/v2\/pages\/46"}],"wp:attachment":[{"href":"https:\/\/os-jugendchor.de\/index.php\/wp-json\/wp\/v2\/media?parent=74"}],"curies":[{"name":"wp","href":"https:\/\/api.w.org\/{rel}","templated":true}]}}

<div style="height:54px;width:0px" aria-hidden="true" class="wp-block-spacer"></div>



<div class="wp-block-group alignwide is-nowrap is-layout-flex wp-container-core-group-is-layout-2c19790c wp-block-group-is-layout-flex" style="margin-top:0;margin-bottom:0;padding-top:0;padding-right:0;padding-bottom:0;padding-left:0">
<div style="height:100px;width:0px" aria-hidden="true" class="wp-block-spacer wp-container-content-fe77df4a"></div>



<div class="wp-block-group has-ast-global-color-8-background-color has-background is-vertical is-layout-flex wp-container-core-group-is-layout-05004f0f wp-block-group-is-layout-flex" style="border-top-right-radius:80px;border-bottom-left-radius:80px;margin-top:0;margin-bottom:0;padding-top:var(--wp--preset--spacing--50);padding-right:var(--wp--preset--spacing--50);padding-bottom:var(--wp--preset--spacing--50);padding-left:var(--wp--preset--spacing--50)">
<div class="wp-block-group is-nowrap is-layout-flex wp-container-core-group-is-layout-6c531013 wp-block-group-is-layout-flex">
<h2 class="wp-block-heading has-large-font-size">Clemens Breitschaft</h2>



<div aria-hidden="true" class="wp-block-spacer wp-container-content-9cfa9a5a"></div>
</div>



<div class="wp-block-media-text alignwide is-stacked-on-mobile is-vertically-aligned-top" style="margin-top:0;margin-right:0;margin-bottom:0;margin-left:0;padding-top:0;padding-right:0;padding-bottom:0;padding-left:0;grid-template-columns:30% auto"><figure class="wp-block-media-text__media"><img loading="lazy" decoding="async" width="1024" height="683" src="https://osnabrckerjugendchor-jsbvhc7v3e.live-website.com/wp-content/uploads/2026/02/Clemens-k-1024x683.jpg" alt="" class="wp-image-2026 size-full" srcset="https://os-jugendchor.de/wp-content/uploads/2026/02/Clemens-k-1024x683.jpg 1024w, https://os-jugendchor.de/wp-content/uploads/2026/02/Clemens-k-300x200.jpg 300w, https://os-jugendchor.de/wp-content/uploads/2026/02/Clemens-k-768x512.jpg 768w, https://os-jugendchor.de/wp-content/uploads/2026/02/Clemens-k-1536x1024.jpg 1536w, https://os-jugendchor.de/wp-content/uploads/2026/02/Clemens-k.jpg 2048w" sizes="auto, (max-width: 1024px) 100vw, 1024px" /></figure><div class="wp-block-media-text__content">
<p style="text-align: justify;">stammt gebürtig aus dem hessischen Hadamar und wuchs in Mainz auf. Dort erhielt er seine erste musikalische und stimmliche Ausbildung im Mainzer Domchor unter der Leitung seines Vaters, Domkapellmeister Mathias Breitschaft. Nach dem Abitur studierte er Schulmusik und Chordirigieren an der Hochschule für Musik und Darstellende Kunst in Frankfurt am Main. Im Hauptfach Gesang wurde er von Prof. Michael Schopper und Prof. Melinda Paulsen unterrichtet, Chordirigieren studierte er bei Prof. Wolfgang Schäfer. Schon während dieser Zeit leitete er mehrere Chöre im Rhein-Main-Gebiet.</p>
<p style="text-align: justify;">Am Mainzer Dom übernahm er regelmäßig Vertretungen in der Probenarbeit und bei Gottesdiensten und war als Stimmbildner tätig.</p>
<p style="text-align: justify;">Als Dozent für Stimmbildung unterrichtete er außerdem am Institut für Kirchenmusik in Mainz. Auftritte als Bass-Solist führten ihn unter anderem an die Dome zu Mainz, Münster, Worms und Trier. Im Jahr 2009 trat er bei einem Gala-Konzert im ZDF zum 1000-jährigen Jubiläum des Mainzer Doms im Soloquartett gemeinsam mit Diana Damrau und Elina Garança auf. Desweiteren wirkte er in diesen Jahren regelmäßig in verschiedenen hochkarätigen Ensembles wie dem Stuttgarter Kammerchor, Immortal Bach Ensemble, ChorwerkRuhr und der Bachakademie Stuttgart mit, wo er unter namhaften Dirigenten wie Helmuth Rilling, Frieder Bernius, Reinhard Goebel und Morten Schuldt-Jensen in ganz Europa konzertierte. CD-Einspielungen, Rundfunk- und Fernsehmitschnitte belegen sein künstlerisches Wirken.</p>
<p style="text-align: justify;">Mitte 2009 begann Clemens Breitschaft seine Tätigkeit in Osnabrück als Musiklehrer der Chorklassen an der Ursulaschule Osnabrück und als Assistent am Osnabrücker Dom.</p>
<p style="text-align: justify;">Seit dem 1. August 2012 ist er neuer Domchordirektor am Hohen Dom zu Osnabrück und Leiter des Osnabrücker Jugendchores e. V., beides als Nachfolger von Johannes Rahe, der Mitte Mai in den Ruhestand verabschiedet wurde.</p>
</div></div>
</div>



<div style="height:100px;width:0px" aria-hidden="true" class="wp-block-spacer wp-container-content-fe77df4a"></div>
</div>



<div style="height:54px;width:0px" aria-hidden="true" class="wp-block-spacer"></div>

<p>Clemens Breitschaft stammt gebürtig aus dem hessischen Hadamar und wuchs in Mainz auf. Dort erhielt er seine erste musikalische und stimmliche Ausbildung im Mainzer Domchor unter der Leitung seines Vaters, Domkapellmeister Mathias Breitschaft. Nach dem Abitur studierte er Schulmusik und Chordirigieren an der Hochschule für Musik und Darstellende Kunst in Frankfurt am Main. Im Hauptfach [&hellip;]</p>

Clemens Breitschaft stammt gebürtig aus dem hessischen Hadamar und wuchs in Mainz auf. Dort erhielt er seine erste musikalische und stimmliche Ausbildung im Mainzer Domchor unter der Leitung seines Vaters, Domkapellmeister Mathias Breitschaft. Nach dem Abitur studierte er Schulmusik und Chordirigieren an der Hochschule für Musik und Darstellende Kunst in Frankfurt am Main. Im Hauptfach&hellip;
