{"id":56,"date":"2025-08-10T11:56:30","date_gmt":"2025-08-10T11:56:30","guid":{"rendered":"https:\/\/osnabrckerjugendchor-jsbvhc7v3e.live-website.com\/?page_id=56"},"modified":"2026-03-08T19:49:05","modified_gmt":"2026-03-08T17:49:05","slug":"unterstutzen","status":"publish","type":"page","link":"https:\/\/os-jugendchor.de\/index.php\/unterstutzen\/","title":{"rendered":"Unterst\u00fctzen"},"content":{"rendered":"\n<div class=\"wp-block-cover alignfull is-light\" style=\"min-height:230px;aspect-ratio:unset;\"><img loading=\"lazy\" decoding=\"async\" width=\"2048\" height=\"1365\" sizes=\"auto, (max-width: 799px) 200vw, (max-width: 2048px) 100vw, 2048px\" class=\"wp-block-cover__image-background wp-image-2119 size-full\" alt=\"\" src=\"https:\/\/osnabrckerjugendchor-jsbvhc7v3e.live-website.com\/wp-content\/uploads\/2026\/03\/36642123262_c21fc888f2_k.jpg\" style=\"object-position:50% 43%\" data-object-fit=\"cover\" data-object-position=\"50% 43%\" srcset=\"https:\/\/os-jugendchor.de\/wp-content\/uploads\/2026\/03\/36642123262_c21fc888f2_k.jpg 2048w, https:\/\/os-jugendchor.de\/wp-content\/uploads\/2026\/03\/36642123262_c21fc888f2_k-300x200.jpg 300w, https:\/\/os-jugendchor.de\/wp-content\/uploads\/2026\/03\/36642123262_c21fc888f2_k-1024x683.jpg 1024w, https:\/\/os-jugendchor.de\/wp-content\/uploads\/2026\/03\/36642123262_c21fc888f2_k-768x512.jpg 768w, https:\/\/os-jugendchor.de\/wp-content\/uploads\/2026\/03\/36642123262_c21fc888f2_k-1536x1024.jpg 1536w\" \/><span aria-hidden=\"true\" class=\"wp-block-cover__background has-white-background-color has-background-dim-0 has-background-dim\"><\/span><div class=\"wp-block-cover__inner-container is-layout-constrained wp-block-cover-is-layout-constrained\">\n<h2 class=\"wp-block-heading alignwide has-text-align-center has-white-color has-text-color has-background has-link-color has-large-font-size wp-elements-8ce8598aa8386873cb0e41fccaceaec5\" style=\"background-color:#f04d3e9e;padding-top:var(--wp--preset--spacing--30);padding-right:var(--wp--preset--spacing--50);padding-bottom:var(--wp--preset--spacing--30);padding-left:var(--wp--preset--spacing--50)\">Unterst\u00fctzen<\/h2>\n<\/div><\/div>\n\n\n\n<div style=\"height:54px\" aria-hidden=\"true\" class=\"wp-block-spacer\"><\/div>\n\n\n\n<div class=\"wp-block-group alignfull is-nowrap is-layout-flex wp-container-core-group-is-layout-cf727613 wp-block-group-is-layout-flex\" style=\"margin-top:0;margin-bottom:0;padding-top:0;padding-right:0;padding-bottom:0;padding-left:0\">\n<div class=\"wp-block-group alignwide has-ast-global-color-4-background-color has-background is-vertical is-layout-flex wp-container-core-group-is-layout-25504a97 wp-block-group-is-layout-flex\" style=\"border-top-right-radius:80px;margin-top:0;margin-bottom:0;padding-top:var(--wp--preset--spacing--50);padding-right:var(--wp--preset--spacing--60);padding-bottom:var(--wp--preset--spacing--50);padding-left:var(--wp--preset--spacing--60)\">\n<div class=\"wp-block-uagb-advanced-heading uagb-block-7fb6f61e\"><h2 class=\"uagb-heading-text\">Spenden<\/h2><\/div>\n\n\n\n<p>Als gemeinn\u00fctziger Verein leben wir nicht nur vom ehrenamtlichen Engagement unserer Mitglieder und Freunde, sondern auch von Spenden und Zusch\u00fcssen.<\/p>\n\n\n\n<div class=\"wp-block-group is-vertical is-layout-flex wp-container-core-group-is-layout-24e72e94 wp-block-group-is-layout-flex\" style=\"margin-top:0;margin-bottom:0;padding-top:0;padding-right:0;padding-bottom:0;padding-left:0\">\n<p>Wenn Sie unsere musikalische Arbeit unterst\u00fctzen wollen, k\u00f6nnen Sie dies sowohl durch eine Mitgliedschaft in unserem <strong><a href=\"#F\u00f6rderverein\" data-type=\"internal\" data-id=\"#F\u00f6rderverein\">F\u00f6rderverein<\/a> <\/strong>als auch in Form einer <strong>Spende <\/strong>tun.<\/p>\n\n\n\n<p style=\"font-size:0.8em\">Spendenquittungen k\u00f6nnen wir Ihnen bei Betr\u00e4gen ab 50 Euro gerne ausstellen.<\/p>\n<\/div>\n\n\n\n<p><mark style=\"background-color:rgba(0, 0, 0, 0)\" class=\"has-inline-color has-ast-global-color-0-color\"><strong>Kontoinhaber: Osnabr\u00fccker Jugendchor e.V.<br>IBAN: DE47 2655 0105 0000 2099 32<br>BIC: NOLADE22XXX<\/strong><\/mark><\/p>\n\n\n\n<p><strong>Herzlichen Dank!<\/strong><\/p>\n<\/div>\n\n\n\n<div style=\"height:54px;width:0px\" aria-hidden=\"true\" class=\"wp-block-spacer wp-container-content-1299c3d7\"><\/div>\n<\/div>\n\n\n\n<div style=\"margin-top:0;margin-bottom:0;height:54px\" aria-hidden=\"true\" class=\"wp-block-spacer\"><\/div>\n\n\n\n<div class=\"wp-block-group alignfull is-content-justification-right is-nowrap is-layout-flex wp-container-core-group-is-layout-a9f2ed81 wp-block-group-is-layout-flex\" style=\"margin-top:0;margin-bottom:0;padding-top:0;padding-right:0;padding-bottom:0;padding-left:0\">\n<div style=\"height:54px;width:0px\" aria-hidden=\"true\" class=\"wp-block-spacer wp-container-content-1299c3d7\"><\/div>\n\n\n\n<div id=\"F\u00f6rderverein\" class=\"wp-block-group has-ast-global-color-5-background-color has-background is-content-justification-center is-layout-constrained wp-container-core-group-is-layout-5b3c0ddb wp-block-group-is-layout-constrained\" style=\"border-top-left-radius:80px;margin-top:0;margin-bottom:0;padding-top:var(--wp--preset--spacing--50);padding-right:var(--wp--preset--spacing--60);padding-bottom:var(--wp--preset--spacing--50);padding-left:var(--wp--preset--spacing--60)\">\n<div class=\"wp-block-group is-vertical is-content-justification-left is-layout-flex wp-container-core-group-is-layout-3c0845dc wp-block-group-is-layout-flex\" style=\"margin-top:0;padding-top:0\">\n<div class=\"wp-block-uagb-advanced-heading uagb-block-276c0a1a\"><h2 class=\"uagb-heading-text\">F\u00f6rderverein<\/h2><\/div>\n\n\n\n<div style=\"height:0px\" aria-hidden=\"true\" class=\"wp-block-spacer wp-container-content-157dc25b\"><\/div>\n\n\n\n<p class=\"has-white-color has-text-color has-link-color wp-elements-d5a490d74a7198a2045e4050913d088c\" id=\"F\u00f6rdervereinKontakt\"><strong>Anschrift<\/strong>:<br>F\u00f6rderverein der Ch\u00f6re am Osnabr\u00fccker Dom e. V.<br>Marcel-Callo-Haus<br>Kleine Domsfreiheit 23<br>49074 Osnabr\u00fcck<br><strong>Mail<\/strong>:<br>foerderverein@dommusik-os.de<\/p>\n\n\n\n\n\n<p class=\"has-white-color has-text-color has-link-color wp-elements-0b4545acbd9df43711cc143ea21c526b\" id=\"F\u00f6rdervereinKontakt\" style=\"margin-top:var(--wp--preset--spacing--20)\"><strong>PDF Beitrittserkl\u00e4rung:<\/strong><\/p>\n\n\n\n<div class=\"wp-block-file alignleft has-ast-global-color-0-background-color has-background has-link-color wp-elements-dedea06029b60bc02fd688f7464eb40b\" style=\"border-top-left-radius:0em;border-top-right-radius:3.5em;border-bottom-left-radius:3.5em;border-bottom-right-radius:0em;margin-top:0;margin-right:0;margin-bottom:0;margin-left:0;padding-top:var(--wp--preset--spacing--30);padding-right:var(--wp--preset--spacing--50);padding-bottom:var(--wp--preset--spacing--30);padding-left:var(--wp--preset--spacing--50)\"><a id=\"wp-block-file--media-d563382b-210e-407d-a97d-c5421ec6c0f1\" href=\"https:\/\/osnabrckerjugendchor-jsbvhc7v3e.live-website.com\/wp-content\/uploads\/2025\/09\/Beitrittserklarung-Forderverein-der-Chore-am-Osnabrucker-Dom-e.V-3.pdf\" target=\"_blank\" rel=\"noreferrer noopener\"><strong>Beitrittserkl\u00e4rung-F\u00f6rderverein-der-Ch\u00f6re-am-Osnabr\u00fccker-Dom-e.V.<\/strong><\/a><\/div>\n<\/div>\n<\/div>\n<\/div>\n\n\n\n<div style=\"margin-top:0;margin-bottom:0;height:54px;width:0px\" aria-hidden=\"true\" class=\"wp-block-spacer\"><\/div>\n","protected":false},"excerpt":{"rendered":"<p>Spenden Als gemeinn\u00fctziger Verein leben wir nicht nur vom ehrenamtlichen Engagement unserer Mitglieder und Freunde, sondern auch von Spenden und Zusch\u00fcssen. Wenn Sie unsere musikalische Arbeit unterst\u00fctzen wollen, k\u00f6nnen Sie dies sowohl durch eine Mitgliedschaft in unserem F\u00f6rderverein als auch in Form einer Spende tun. Spendenquittungen k\u00f6nnen wir Ihnen bei Betr\u00e4gen ab 50 Euro gerne [&hellip;]<\/p>\n","protected":false},"author":2,"featured_media":0,"parent":0,"menu_order":0,"comment_status":"closed","ping_status":"closed","template":"","meta":{"_uag_custom_page_level_css":"","site-sidebar-layout":"default","site-content-layout":"","ast-site-content-layout":"default","site-content-style":"default","site-sidebar-style":"default","ast-global-header-display":"","ast-banner-title-visibility":"","ast-main-header-display":"","ast-hfb-above-header-display":"","ast-hfb-below-header-display":"","ast-hfb-mobile-header-display":"","site-post-title":"disabled","ast-breadcrumbs-content":"","ast-featured-img":"","footer-sml-layout":"","ast-disable-related-posts":"","theme-transparent-header-meta":"","adv-header-id-meta":"","stick-header-meta":"","header-above-stick-meta":"","header-main-stick-meta":"","header-below-stick-meta":"","astra-migrate-meta-layouts":"default","ast-page-background-enabled":"default","ast-page-background-meta":{"desktop":{"background-color":"var(--ast-global-color-5)","background-image":"","background-repeat":"repeat","background-position":"center center","background-size":"auto","background-attachment":"scroll","background-type":"","background-media":"","overlay-type":"","overlay-color":"","overlay-opacity":"","overlay-gradient":""},"tablet":{"background-color":"","background-image":"","background-repeat":"repeat","background-position":"center center","background-size":"auto","background-attachment":"scroll","background-type":"","background-media":"","overlay-type":"","overlay-color":"","overlay-opacity":"","overlay-gradient":""},"mobile":{"background-color":"","background-image":"","background-repeat":"repeat","background-position":"center center","background-size":"auto","background-attachment":"scroll","background-type":"","background-media":"","overlay-type":"","overlay-color":"","overlay-opacity":"","overlay-gradient":""}},"ast-content-background-meta":{"desktop":{"background-color":"var(--ast-global-color-4)","background-image":"","background-repeat":"repeat","background-position":"center center","background-size":"auto","background-attachment":"scroll","background-type":"","background-media":"","overlay-type":"","overlay-color":"","overlay-opacity":"","overlay-gradient":""},"tablet":{"background-color":"var(--ast-global-color-4)","background-image":"","background-repeat":"repeat","background-position":"center center","background-size":"auto","background-attachment":"scroll","background-type":"","background-media":"","overlay-type":"","overlay-color":"","overlay-opacity":"","overlay-gradient":""},"mobile":{"background-color":"var(--ast-global-color-4)","background-image":"","background-repeat":"repeat","background-position":"center center","background-size":"auto","background-attachment":"scroll","background-type":"","background-media":"","overlay-type":"","overlay-color":"","overlay-opacity":"","overlay-gradient":""}},"footnotes":""},"class_list":["post-56","page","type-page","status-publish","hentry"],"uagb_featured_image_src":{"full":false,"thumbnail":false,"medium":false,"medium_large":false,"large":false,"1536x1536":false,"2048x2048":false},"uagb_author_info":{"display_name":"Richard Kullmann","author_link":"https:\/\/os-jugendchor.de\/index.php\/author\/richard\/"},"uagb_comment_info":0,"uagb_excerpt":"Spenden Als gemeinn\u00fctziger Verein leben wir nicht nur vom ehrenamtlichen Engagement unserer Mitglieder und Freunde, sondern auch von Spenden und Zusch\u00fcssen. Wenn Sie unsere musikalische Arbeit unterst\u00fctzen wollen, k\u00f6nnen Sie dies sowohl durch eine Mitgliedschaft in unserem F\u00f6rderverein als auch in Form einer Spende tun. Spendenquittungen k\u00f6nnen wir Ihnen bei Betr\u00e4gen ab 50 Euro gerne&hellip;","_links":{"self":[{"href":"https:\/\/os-jugendchor.de\/index.php\/wp-json\/wp\/v2\/pages\/56","targetHints":{"allow":["GET"]}}],"collection":[{"href":"https:\/\/os-jugendchor.de\/index.php\/wp-json\/wp\/v2\/pages"}],"about":[{"href":"https:\/\/os-jugendchor.de\/index.php\/wp-json\/wp\/v2\/types\/page"}],"author":[{"embeddable":true,"href":"https:\/\/os-jugendchor.de\/index.php\/wp-json\/wp\/v2\/users\/2"}],"replies":[{"embeddable":true,"href":"https:\/\/os-jugendchor.de\/index.php\/wp-json\/wp\/v2\/comments?post=56"}],"version-history":[{"count":183,"href":"https:\/\/os-jugendchor.de\/index.php\/wp-json\/wp\/v2\/pages\/56\/revisions"}],"predecessor-version":[{"id":2422,"href":"https:\/\/os-jugendchor.de\/index.php\/wp-json\/wp\/v2\/pages\/56\/revisions\/2422"}],"wp:attachment":[{"href":"https:\/\/os-jugendchor.de\/index.php\/wp-json\/wp\/v2\/media?parent=56"}],"curies":[{"name":"wp","href":"https:\/\/api.w.org\/{rel}","templated":true}]}}

Unterstützen

<div class="wp-block-cover alignfull is-light" style="min-height:230px;aspect-ratio:unset;"><img loading="lazy" decoding="async" width="2048" height="1365" sizes="auto, (max-width: 799px) 200vw, (max-width: 2048px) 100vw, 2048px" class="wp-block-cover__image-background wp-image-2119 size-full" alt="" src="https://osnabrckerjugendchor-jsbvhc7v3e.live-website.com/wp-content/uploads/2026/03/36642123262_c21fc888f2_k.jpg" style="object-position:50% 43%" data-object-fit="cover" data-object-position="50% 43%" srcset="https://os-jugendchor.de/wp-content/uploads/2026/03/36642123262_c21fc888f2_k.jpg 2048w, https://os-jugendchor.de/wp-content/uploads/2026/03/36642123262_c21fc888f2_k-300x200.jpg 300w, https://os-jugendchor.de/wp-content/uploads/2026/03/36642123262_c21fc888f2_k-1024x683.jpg 1024w, https://os-jugendchor.de/wp-content/uploads/2026/03/36642123262_c21fc888f2_k-768x512.jpg 768w, https://os-jugendchor.de/wp-content/uploads/2026/03/36642123262_c21fc888f2_k-1536x1024.jpg 1536w" /><span aria-hidden="true" class="wp-block-cover__background has-white-background-color has-background-dim-0 has-background-dim"></span><div class="wp-block-cover__inner-container is-layout-constrained wp-block-cover-is-layout-constrained">
<h2 class="wp-block-heading alignwide has-text-align-center has-white-color has-text-color has-background has-link-color has-large-font-size wp-elements-8ce8598aa8386873cb0e41fccaceaec5" style="background-color:#f04d3e9e;padding-top:var(--wp--preset--spacing--30);padding-right:var(--wp--preset--spacing--50);padding-bottom:var(--wp--preset--spacing--30);padding-left:var(--wp--preset--spacing--50)">Unterstützen</h2>
</div></div>



<div style="height:54px" aria-hidden="true" class="wp-block-spacer"></div>



<div class="wp-block-group alignfull is-nowrap is-layout-flex wp-container-core-group-is-layout-cf727613 wp-block-group-is-layout-flex" style="margin-top:0;margin-bottom:0;padding-top:0;padding-right:0;padding-bottom:0;padding-left:0">
<div class="wp-block-group alignwide has-ast-global-color-4-background-color has-background is-vertical is-layout-flex wp-container-core-group-is-layout-25504a97 wp-block-group-is-layout-flex" style="border-top-right-radius:80px;margin-top:0;margin-bottom:0;padding-top:var(--wp--preset--spacing--50);padding-right:var(--wp--preset--spacing--60);padding-bottom:var(--wp--preset--spacing--50);padding-left:var(--wp--preset--spacing--60)">
<div class="wp-block-uagb-advanced-heading uagb-block-7fb6f61e"><h2 class="uagb-heading-text">Spenden</h2></div>



<p>Als gemeinnütziger Verein leben wir nicht nur vom ehrenamtlichen Engagement unserer Mitglieder und Freunde, sondern auch von Spenden und Zuschüssen.</p>



<div class="wp-block-group is-vertical is-layout-flex wp-container-core-group-is-layout-24e72e94 wp-block-group-is-layout-flex" style="margin-top:0;margin-bottom:0;padding-top:0;padding-right:0;padding-bottom:0;padding-left:0">
<p>Wenn Sie unsere musikalische Arbeit unterstützen wollen, können Sie dies sowohl durch eine Mitgliedschaft in unserem <strong><a href="#Förderverein" data-type="internal" data-id="#Förderverein">Förderverein</a> </strong>als auch in Form einer <strong>Spende </strong>tun.</p>



<p style="font-size:0.8em">Spendenquittungen können wir Ihnen bei Beträgen ab 50 Euro gerne ausstellen.</p>
</div>



<p><mark style="background-color:rgba(0, 0, 0, 0)" class="has-inline-color has-ast-global-color-0-color"><strong>Kontoinhaber: Osnabrücker Jugendchor e.V.<br>IBAN: DE47 2655 0105 0000 2099 32<br>BIC: NOLADE22XXX</strong></mark></p>



<p><strong>Herzlichen Dank!</strong></p>
</div>



<div style="height:54px;width:0px" aria-hidden="true" class="wp-block-spacer wp-container-content-1299c3d7"></div>
</div>



<div style="margin-top:0;margin-bottom:0;height:54px" aria-hidden="true" class="wp-block-spacer"></div>



<div class="wp-block-group alignfull is-content-justification-right is-nowrap is-layout-flex wp-container-core-group-is-layout-a9f2ed81 wp-block-group-is-layout-flex" style="margin-top:0;margin-bottom:0;padding-top:0;padding-right:0;padding-bottom:0;padding-left:0">
<div style="height:54px;width:0px" aria-hidden="true" class="wp-block-spacer wp-container-content-1299c3d7"></div>



<div id="Förderverein" class="wp-block-group has-ast-global-color-5-background-color has-background is-content-justification-center is-layout-constrained wp-container-core-group-is-layout-5b3c0ddb wp-block-group-is-layout-constrained" style="border-top-left-radius:80px;margin-top:0;margin-bottom:0;padding-top:var(--wp--preset--spacing--50);padding-right:var(--wp--preset--spacing--60);padding-bottom:var(--wp--preset--spacing--50);padding-left:var(--wp--preset--spacing--60)">
<div class="wp-block-group is-vertical is-content-justification-left is-layout-flex wp-container-core-group-is-layout-3c0845dc wp-block-group-is-layout-flex" style="margin-top:0;padding-top:0">
<div class="wp-block-uagb-advanced-heading uagb-block-276c0a1a"><h2 class="uagb-heading-text">Förderverein</h2></div>



<div style="height:0px" aria-hidden="true" class="wp-block-spacer wp-container-content-157dc25b"></div>



<p class="has-white-color has-text-color has-link-color wp-elements-d5a490d74a7198a2045e4050913d088c" id="FördervereinKontakt"><strong>Anschrift</strong>:<br>Förderverein der Chöre am Osnabrücker Dom e. V.<br>Marcel-Callo-Haus<br>Kleine Domsfreiheit 23<br>49074 Osnabrück<br><strong>Mail</strong>:<br>foerderverein@dommusik-os.de</p>





<p class="has-white-color has-text-color has-link-color wp-elements-0b4545acbd9df43711cc143ea21c526b" id="FördervereinKontakt" style="margin-top:var(--wp--preset--spacing--20)"><strong>PDF Beitrittserklärung:</strong></p>



<div class="wp-block-file alignleft has-ast-global-color-0-background-color has-background has-link-color wp-elements-dedea06029b60bc02fd688f7464eb40b" style="border-top-left-radius:0em;border-top-right-radius:3.5em;border-bottom-left-radius:3.5em;border-bottom-right-radius:0em;margin-top:0;margin-right:0;margin-bottom:0;margin-left:0;padding-top:var(--wp--preset--spacing--30);padding-right:var(--wp--preset--spacing--50);padding-bottom:var(--wp--preset--spacing--30);padding-left:var(--wp--preset--spacing--50)"><a id="wp-block-file--media-d563382b-210e-407d-a97d-c5421ec6c0f1" href="https://osnabrckerjugendchor-jsbvhc7v3e.live-website.com/wp-content/uploads/2025/09/Beitrittserklarung-Forderverein-der-Chore-am-Osnabrucker-Dom-e.V-3.pdf" target="_blank" rel="noreferrer noopener"><strong>Beitrittserklärung-Förderverein-der-Chöre-am-Osnabrücker-Dom-e.V.</strong></a></div>
</div>
</div>
</div>



<div style="margin-top:0;margin-bottom:0;height:54px;width:0px" aria-hidden="true" class="wp-block-spacer"></div>

<p>Spenden Als gemeinnütziger Verein leben wir nicht nur vom ehrenamtlichen Engagement unserer Mitglieder und Freunde, sondern auch von Spenden und Zuschüssen. Wenn Sie unsere musikalische Arbeit unterstützen wollen, können Sie dies sowohl durch eine Mitgliedschaft in unserem Förderverein als auch in Form einer Spende tun. Spendenquittungen können wir Ihnen bei Beträgen ab 50 Euro gerne [&hellip;]</p>

Spenden Als gemeinnütziger Verein leben wir nicht nur vom ehrenamtlichen Engagement unserer Mitglieder und Freunde, sondern auch von Spenden und Zuschüssen. Wenn Sie unsere musikalische Arbeit unterstützen wollen, können Sie dies sowohl durch eine Mitgliedschaft in unserem Förderverein als auch in Form einer Spende tun. Spendenquittungen können wir Ihnen bei Beträgen ab 50 Euro gerne&hellip;
