{"id":1192,"date":"2025-09-25T16:46:38","date_gmt":"2025-09-25T14:46:38","guid":{"rendered":"https:\/\/osnabrckerjugendchor-jsbvhc7v3e.live-website.com\/?page_id=1192"},"modified":"2026-03-08T19:50:35","modified_gmt":"2026-03-08T17:50:35","slug":"impressum","status":"publish","type":"page","link":"https:\/\/os-jugendchor.de\/index.php\/impressum\/","title":{"rendered":"Impressum"},"content":{"rendered":"\n<div class=\"wp-block-cover alignfull is-light\" style=\"min-height:230px;aspect-ratio:unset;\"><img loading=\"lazy\" decoding=\"async\" width=\"1024\" height=\"683\" sizes=\"auto, (max-width: 799px) 200vw, (max-width: 2048px) 100vw, 2048px\" class=\"wp-block-cover__image-background wp-image-2028 size-large\" alt=\"\" src=\"https:\/\/osnabrckerjugendchor-jsbvhc7v3e.live-website.com\/wp-content\/uploads\/2026\/02\/49146695486_0c1038f2c9_k-1024x683.jpg\" style=\"object-position:50% 54%\" data-object-fit=\"cover\" data-object-position=\"50% 54%\" srcset=\"https:\/\/os-jugendchor.de\/wp-content\/uploads\/2026\/02\/49146695486_0c1038f2c9_k-1024x683.jpg 1024w, https:\/\/os-jugendchor.de\/wp-content\/uploads\/2026\/02\/49146695486_0c1038f2c9_k-300x200.jpg 300w, https:\/\/os-jugendchor.de\/wp-content\/uploads\/2026\/02\/49146695486_0c1038f2c9_k-768x512.jpg 768w, https:\/\/os-jugendchor.de\/wp-content\/uploads\/2026\/02\/49146695486_0c1038f2c9_k-1536x1024.jpg 1536w, https:\/\/os-jugendchor.de\/wp-content\/uploads\/2026\/02\/49146695486_0c1038f2c9_k.jpg 2048w\" \/><span aria-hidden=\"true\" class=\"wp-block-cover__background has-background-dim-0 has-background-dim\"><\/span><div class=\"wp-block-cover__inner-container is-layout-constrained wp-block-cover-is-layout-constrained\">\n<p class=\"has-text-align-center has-white-color has-text-color has-background has-link-color has-large-font-size wp-elements-44db9bd58633d07b309aacf59f7123e6\" style=\"background-color:#f04d3e9e;margin-top:0;margin-bottom:0;padding-top:var(--wp--preset--spacing--30);padding-right:var(--wp--preset--spacing--50);padding-bottom:var(--wp--preset--spacing--30);padding-left:var(--wp--preset--spacing--50)\"><strong>Impressum<\/strong><\/p>\n<\/div><\/div>\n\n\n\n<div style=\"height:54px;width:0px\" aria-hidden=\"true\" class=\"wp-block-spacer\"><\/div>\n\n\n\n<div class=\"wp-block-group is-nowrap is-layout-flex wp-container-core-group-is-layout-bcde1d39 wp-block-group-is-layout-flex\" style=\"padding-top:0;padding-right:0;padding-bottom:0;padding-left:0\">\n<div style=\"height:100px;width:0px\" aria-hidden=\"true\" class=\"wp-block-spacer wp-container-content-6388d5dc\"><\/div>\n\n\n\n<div class=\"wp-block-group has-ast-global-color-4-background-color has-background is-vertical is-layout-flex wp-container-core-group-is-layout-26251ab7 wp-block-group-is-layout-flex\" style=\"border-top-right-radius:80px;border-bottom-left-radius:80px;padding-top:var(--wp--preset--spacing--50);padding-right:var(--wp--preset--spacing--60);padding-bottom:var(--wp--preset--spacing--50);padding-left:var(--wp--preset--spacing--60)\">\n<p><strong>Verantwortlich:<\/strong><\/p>\n\n\n\n<p>Osnabr\u00fccker Jugendchor e. V.<br>Marcel-Callo-Haus<br>Kleine Domsfreiheit 23<br>49074 Osnabr\u00fcck<\/p>\n\n\n\n<p>Vereinsregister: VR 1874<br>Amtsgericht Osnabr\u00fcck<\/p>\n\n\n\n<p><strong>Vertretungsberechtigter Vorstand:<\/strong><\/p>\n\n\n\n<p> Vorsitzender: Clemens Breitschaft<br>Stellvertretende Vorsitzende: Lisa Pohlmann<\/p>\n\n\n\n<p><strong>Kontakt:<\/strong><br>info@os-jugendchor.de<\/p>\n\n\n\n<p><strong>Fotos:<\/strong><\/p>\n\n\n\n<p>Fotos Banner Homepage und Impressum: Jan Meyer-Arling<br>Foto Banner \u00dcber uns und Unterst\u00fctzen: Stefan St\u00e4rker<br>Sonstige Fotos: Jan Meyer-Arling \/ Stefan St\u00e4rker u.a.<\/p>\n\n\n\n<p><strong>Haftungsausschluss<\/strong><\/p>\n\n\n\n<p>Bitte beachten Sie die wichtigen rechtlichen Hinweise zu den Inhalten dieser Internetseite, zu externen Links, zum Urheberrecht und zur Verf\u00fcgbarkeit.<\/p>\n\n\n\n<p><strong>Haftung f\u00fcr Inhalte:<\/strong><\/p>\n\n\n\n<p>Die Inhalte unserer Seiten wurden sorgf\u00e4ltig erarbeitet. Wir \u00fcbernehmen jedoch keine Gew\u00e4hr f\u00fcr die Richtigkeit, Zuverl\u00e4ssigkeit, Vollst\u00e4ndigkeit und Aktualit\u00e4t der Information. Die Verwendung der Website und der darin enthaltenen Informationen erfolgt auf eigene Gefahr. \u00c4nderungen k\u00f6nnen jederzeit vorgenommen werden.<\/p>\n\n\n\n<p><strong>Haftung f\u00fcr Links:<\/strong><\/p>\n\n\n\n<p>Unser Angebot enth\u00e4lt Links zu externen Internetseiten Dritter, auf deren Inhalte wir keinen Einfluss haben. Deshalb k\u00f6nnen wir f\u00fcr diese fremden Inhalte auch keine Gew\u00e4hr \u00fcbernehmen. F\u00fcr die Inhalte der verlinkten Seiten ist stets der jeweilige Anbieter oder Betreiber der Seiten verantwortlich. Die verlinkten Seiten wurden zum Zeitpunkt der Verlinkung auf m\u00f6gliche Rechtsverst\u00f6\u00dfe \u00fcberpr\u00fcft. Rechtswidrige Inhalte waren zum Zeitpunkt der Verlinkung nicht erkennbar. Eine permanente inhaltliche Kontrolle der verlinkten Seiten ist jedoch ohne konkrete Anhaltspunkte einer Rechtsverletzung nicht zumutbar. Bei Bekanntwerden von Rechtsverletzungen werden wir derartige Links umgehend entfernen.<\/p>\n\n\n\n<p><strong>Urheberrecht:<\/strong><\/p>\n\n\n\n<p>Die auf diesen Seiten ver\u00f6ffentlichten Inhalte unterliegen dem deutschen Urheberrecht. Inhalte und Rechte Dritter sind als solche gekennzeichnet. Die Vervielf\u00e4ltigung, Bearbeitung, Verbreitung und jede Art der Verwertung au\u00dferhalb der Grenzen des Urheberrechtes bed\u00fcrfen der schriftlichen Zustimmung des jeweiligen Autors bzw. Erstellers. Downloads und Kopien dieser Seite sind nur f\u00fcr den privaten, nicht kommerziellen Gebrauch gestattet.<\/p>\n\n\n\n<p><strong>Verf\u00fcgbarkeit der Internetseite<\/strong><\/p>\n\n\n\n<p>Wir werden uns bem\u00fchen, unsere Internetseite m\u00f6glichst unterbrechungsfrei zum Abruf anzubieten. Auch bei aller Sorgfalt k\u00f6nnen aber Ausfallzeiten nicht ausgeschlossen werden.<\/p>\n\n\n\n<p>Wir behalten uns vor, unsere Internetseite jederzeit zu \u00e4ndern oder einzustellen. F\u00fcr durch nicht fehlerfrei angelegte oder formatierte Inhalte und Dateien oder anderweitige St\u00f6rungen k\u00f6nnen wir keine Gew\u00e4hr \u00fcbernehmen.<\/p>\n\n\n\n<p><strong>Website Umsetzung<\/strong><\/p>\n\n\n\n<p>Diese Webseite wurde umgesetzt von Hanna Dierker und Richard Kullmann.<\/p>\n<\/div>\n\n\n\n<div style=\"height:100px;width:0px\" aria-hidden=\"true\" class=\"wp-block-spacer wp-container-content-6388d5dc\"><\/div>\n<\/div>\n\n\n\n<div style=\"height:54px;width:0px\" aria-hidden=\"true\" class=\"wp-block-spacer\"><\/div>\n","protected":false},"excerpt":{"rendered":"<p>Verantwortlich: Osnabr\u00fccker Jugendchor e. V.Marcel-Callo-HausKleine Domsfreiheit 2349074 Osnabr\u00fcck Vereinsregister: VR 1874Amtsgericht Osnabr\u00fcck Vertretungsberechtigter Vorstand: Vorsitzender: Clemens BreitschaftStellvertretende Vorsitzende: Lisa Pohlmann Kontakt:info@os-jugendchor.de Fotos: Fotos Banner Homepage und Impressum: Jan Meyer-ArlingFoto Banner \u00dcber uns und Unterst\u00fctzen: Stefan St\u00e4rkerSonstige Fotos: Jan Meyer-Arling \/ Stefan St\u00e4rker u.a. Haftungsausschluss Bitte beachten Sie die wichtigen rechtlichen Hinweise zu den Inhalten dieser [&hellip;]<\/p>\n","protected":false},"author":2,"featured_media":0,"parent":0,"menu_order":0,"comment_status":"closed","ping_status":"closed","template":"","meta":{"_uag_custom_page_level_css":"","site-sidebar-layout":"default","site-content-layout":"","ast-site-content-layout":"default","site-content-style":"default","site-sidebar-style":"default","ast-global-header-display":"","ast-banner-title-visibility":"","ast-main-header-display":"","ast-hfb-above-header-display":"","ast-hfb-below-header-display":"","ast-hfb-mobile-header-display":"","site-post-title":"disabled","ast-breadcrumbs-content":"","ast-featured-img":"","footer-sml-layout":"","ast-disable-related-posts":"","theme-transparent-header-meta":"","adv-header-id-meta":"","stick-header-meta":"","header-above-stick-meta":"","header-main-stick-meta":"","header-below-stick-meta":"","astra-migrate-meta-layouts":"default","ast-page-background-enabled":"default","ast-page-background-meta":{"desktop":{"background-color":"var(--ast-global-color-5)","background-image":"","background-repeat":"repeat","background-position":"center center","background-size":"auto","background-attachment":"scroll","background-type":"","background-media":"","overlay-type":"","overlay-color":"","overlay-opacity":"","overlay-gradient":""},"tablet":{"background-color":"","background-image":"","background-repeat":"repeat","background-position":"center center","background-size":"auto","background-attachment":"scroll","background-type":"","background-media":"","overlay-type":"","overlay-color":"","overlay-opacity":"","overlay-gradient":""},"mobile":{"background-color":"","background-image":"","background-repeat":"repeat","background-position":"center center","background-size":"auto","background-attachment":"scroll","background-type":"","background-media":"","overlay-type":"","overlay-color":"","overlay-opacity":"","overlay-gradient":""}},"ast-content-background-meta":{"desktop":{"background-color":"var(--ast-global-color-4)","background-image":"","background-repeat":"repeat","background-position":"center center","background-size":"auto","background-attachment":"scroll","background-type":"","background-media":"","overlay-type":"","overlay-color":"","overlay-opacity":"","overlay-gradient":""},"tablet":{"background-color":"var(--ast-global-color-4)","background-image":"","background-repeat":"repeat","background-position":"center center","background-size":"auto","background-attachment":"scroll","background-type":"","background-media":"","overlay-type":"","overlay-color":"","overlay-opacity":"","overlay-gradient":""},"mobile":{"background-color":"var(--ast-global-color-4)","background-image":"","background-repeat":"repeat","background-position":"center center","background-size":"auto","background-attachment":"scroll","background-type":"","background-media":"","overlay-type":"","overlay-color":"","overlay-opacity":"","overlay-gradient":""}},"footnotes":""},"class_list":["post-1192","page","type-page","status-publish","hentry"],"uagb_featured_image_src":{"full":false,"thumbnail":false,"medium":false,"medium_large":false,"large":false,"1536x1536":false,"2048x2048":false},"uagb_author_info":{"display_name":"Richard Kullmann","author_link":"https:\/\/os-jugendchor.de\/index.php\/author\/richard\/"},"uagb_comment_info":0,"uagb_excerpt":"Verantwortlich: Osnabr\u00fccker Jugendchor e. V.Marcel-Callo-HausKleine Domsfreiheit 2349074 Osnabr\u00fcck Vereinsregister: VR 1874Amtsgericht Osnabr\u00fcck Vertretungsberechtigter Vorstand: Vorsitzender: Clemens BreitschaftStellvertretende Vorsitzende: Lisa Pohlmann Kontakt:info@os-jugendchor.de Fotos: Fotos Banner Homepage und Impressum: Jan Meyer-ArlingFoto Banner \u00dcber uns und Unterst\u00fctzen: Stefan St\u00e4rkerSonstige Fotos: Jan Meyer-Arling \/ Stefan St\u00e4rker u.a. Haftungsausschluss Bitte beachten Sie die wichtigen rechtlichen Hinweise zu den Inhalten dieser&hellip;","_links":{"self":[{"href":"https:\/\/os-jugendchor.de\/index.php\/wp-json\/wp\/v2\/pages\/1192","targetHints":{"allow":["GET"]}}],"collection":[{"href":"https:\/\/os-jugendchor.de\/index.php\/wp-json\/wp\/v2\/pages"}],"about":[{"href":"https:\/\/os-jugendchor.de\/index.php\/wp-json\/wp\/v2\/types\/page"}],"author":[{"embeddable":true,"href":"https:\/\/os-jugendchor.de\/index.php\/wp-json\/wp\/v2\/users\/2"}],"replies":[{"embeddable":true,"href":"https:\/\/os-jugendchor.de\/index.php\/wp-json\/wp\/v2\/comments?post=1192"}],"version-history":[{"count":21,"href":"https:\/\/os-jugendchor.de\/index.php\/wp-json\/wp\/v2\/pages\/1192\/revisions"}],"predecessor-version":[{"id":2423,"href":"https:\/\/os-jugendchor.de\/index.php\/wp-json\/wp\/v2\/pages\/1192\/revisions\/2423"}],"wp:attachment":[{"href":"https:\/\/os-jugendchor.de\/index.php\/wp-json\/wp\/v2\/media?parent=1192"}],"curies":[{"name":"wp","href":"https:\/\/api.w.org\/{rel}","templated":true}]}}

<div class="wp-block-cover alignfull is-light" style="min-height:230px;aspect-ratio:unset;"><img loading="lazy" decoding="async" width="1024" height="683" sizes="auto, (max-width: 799px) 200vw, (max-width: 2048px) 100vw, 2048px" class="wp-block-cover__image-background wp-image-2028 size-large" alt="" src="https://osnabrckerjugendchor-jsbvhc7v3e.live-website.com/wp-content/uploads/2026/02/49146695486_0c1038f2c9_k-1024x683.jpg" style="object-position:50% 54%" data-object-fit="cover" data-object-position="50% 54%" srcset="https://os-jugendchor.de/wp-content/uploads/2026/02/49146695486_0c1038f2c9_k-1024x683.jpg 1024w, https://os-jugendchor.de/wp-content/uploads/2026/02/49146695486_0c1038f2c9_k-300x200.jpg 300w, https://os-jugendchor.de/wp-content/uploads/2026/02/49146695486_0c1038f2c9_k-768x512.jpg 768w, https://os-jugendchor.de/wp-content/uploads/2026/02/49146695486_0c1038f2c9_k-1536x1024.jpg 1536w, https://os-jugendchor.de/wp-content/uploads/2026/02/49146695486_0c1038f2c9_k.jpg 2048w" /><span aria-hidden="true" class="wp-block-cover__background has-background-dim-0 has-background-dim"></span><div class="wp-block-cover__inner-container is-layout-constrained wp-block-cover-is-layout-constrained">
<p class="has-text-align-center has-white-color has-text-color has-background has-link-color has-large-font-size wp-elements-44db9bd58633d07b309aacf59f7123e6" style="background-color:#f04d3e9e;margin-top:0;margin-bottom:0;padding-top:var(--wp--preset--spacing--30);padding-right:var(--wp--preset--spacing--50);padding-bottom:var(--wp--preset--spacing--30);padding-left:var(--wp--preset--spacing--50)"><strong>Impressum</strong></p>
</div></div>



<div style="height:54px;width:0px" aria-hidden="true" class="wp-block-spacer"></div>



<div class="wp-block-group is-nowrap is-layout-flex wp-container-core-group-is-layout-bcde1d39 wp-block-group-is-layout-flex" style="padding-top:0;padding-right:0;padding-bottom:0;padding-left:0">
<div style="height:100px;width:0px" aria-hidden="true" class="wp-block-spacer wp-container-content-6388d5dc"></div>



<div class="wp-block-group has-ast-global-color-4-background-color has-background is-vertical is-layout-flex wp-container-core-group-is-layout-26251ab7 wp-block-group-is-layout-flex" style="border-top-right-radius:80px;border-bottom-left-radius:80px;padding-top:var(--wp--preset--spacing--50);padding-right:var(--wp--preset--spacing--60);padding-bottom:var(--wp--preset--spacing--50);padding-left:var(--wp--preset--spacing--60)">
<p><strong>Verantwortlich:</strong></p>



<p>Osnabrücker Jugendchor e. V.<br>Marcel-Callo-Haus<br>Kleine Domsfreiheit 23<br>49074 Osnabrück</p>



<p>Vereinsregister: VR 1874<br>Amtsgericht Osnabrück</p>



<p><strong>Vertretungsberechtigter Vorstand:</strong></p>



<p> Vorsitzender: Clemens Breitschaft<br>Stellvertretende Vorsitzende: Lisa Pohlmann</p>



<p><strong>Kontakt:</strong><br>info@os-jugendchor.de</p>



<p><strong>Fotos:</strong></p>



<p>Fotos Banner Homepage und Impressum: Jan Meyer-Arling<br>Foto Banner Über uns und Unterstützen: Stefan Stärker<br>Sonstige Fotos: Jan Meyer-Arling / Stefan Stärker u.a.</p>



<p><strong>Haftungsausschluss</strong></p>



<p>Bitte beachten Sie die wichtigen rechtlichen Hinweise zu den Inhalten dieser Internetseite, zu externen Links, zum Urheberrecht und zur Verfügbarkeit.</p>



<p><strong>Haftung für Inhalte:</strong></p>



<p>Die Inhalte unserer Seiten wurden sorgfältig erarbeitet. Wir übernehmen jedoch keine Gewähr für die Richtigkeit, Zuverlässigkeit, Vollständigkeit und Aktualität der Information. Die Verwendung der Website und der darin enthaltenen Informationen erfolgt auf eigene Gefahr. Änderungen können jederzeit vorgenommen werden.</p>



<p><strong>Haftung für Links:</strong></p>



<p>Unser Angebot enthält Links zu externen Internetseiten Dritter, auf deren Inhalte wir keinen Einfluss haben. Deshalb können wir für diese fremden Inhalte auch keine Gewähr übernehmen. Für die Inhalte der verlinkten Seiten ist stets der jeweilige Anbieter oder Betreiber der Seiten verantwortlich. Die verlinkten Seiten wurden zum Zeitpunkt der Verlinkung auf mögliche Rechtsverstöße überprüft. Rechtswidrige Inhalte waren zum Zeitpunkt der Verlinkung nicht erkennbar. Eine permanente inhaltliche Kontrolle der verlinkten Seiten ist jedoch ohne konkrete Anhaltspunkte einer Rechtsverletzung nicht zumutbar. Bei Bekanntwerden von Rechtsverletzungen werden wir derartige Links umgehend entfernen.</p>



<p><strong>Urheberrecht:</strong></p>



<p>Die auf diesen Seiten veröffentlichten Inhalte unterliegen dem deutschen Urheberrecht. Inhalte und Rechte Dritter sind als solche gekennzeichnet. Die Vervielfältigung, Bearbeitung, Verbreitung und jede Art der Verwertung außerhalb der Grenzen des Urheberrechtes bedürfen der schriftlichen Zustimmung des jeweiligen Autors bzw. Erstellers. Downloads und Kopien dieser Seite sind nur für den privaten, nicht kommerziellen Gebrauch gestattet.</p>



<p><strong>Verfügbarkeit der Internetseite</strong></p>



<p>Wir werden uns bemühen, unsere Internetseite möglichst unterbrechungsfrei zum Abruf anzubieten. Auch bei aller Sorgfalt können aber Ausfallzeiten nicht ausgeschlossen werden.</p>



<p>Wir behalten uns vor, unsere Internetseite jederzeit zu ändern oder einzustellen. Für durch nicht fehlerfrei angelegte oder formatierte Inhalte und Dateien oder anderweitige Störungen können wir keine Gewähr übernehmen.</p>



<p><strong>Website Umsetzung</strong></p>



<p>Diese Webseite wurde umgesetzt von Hanna Dierker und Richard Kullmann.</p>
</div>



<div style="height:100px;width:0px" aria-hidden="true" class="wp-block-spacer wp-container-content-6388d5dc"></div>
</div>



<div style="height:54px;width:0px" aria-hidden="true" class="wp-block-spacer"></div>

<p>Verantwortlich: Osnabrücker Jugendchor e. V.Marcel-Callo-HausKleine Domsfreiheit 2349074 Osnabrück Vereinsregister: VR 1874Amtsgericht Osnabrück Vertretungsberechtigter Vorstand: Vorsitzender: Clemens BreitschaftStellvertretende Vorsitzende: Lisa Pohlmann Kontakt:info@os-jugendchor.de Fotos: Fotos Banner Homepage und Impressum: Jan Meyer-ArlingFoto Banner Über uns und Unterstützen: Stefan StärkerSonstige Fotos: Jan Meyer-Arling / Stefan Stärker u.a. Haftungsausschluss Bitte beachten Sie die wichtigen rechtlichen Hinweise zu den Inhalten dieser [&hellip;]</p>

Verantwortlich: Osnabrücker Jugendchor e. V.Marcel-Callo-HausKleine Domsfreiheit 2349074 Osnabrück Vereinsregister: VR 1874Amtsgericht Osnabrück Vertretungsberechtigter Vorstand: Vorsitzender: Clemens BreitschaftStellvertretende Vorsitzende: Lisa Pohlmann Kontakt:info@os-jugendchor.de Fotos: Fotos Banner Homepage und Impressum: Jan Meyer-ArlingFoto Banner Über uns und Unterstützen: Stefan StärkerSonstige Fotos: Jan Meyer-Arling / Stefan Stärker u.a. Haftungsausschluss Bitte beachten Sie die wichtigen rechtlichen Hinweise zu den Inhalten dieser&hellip;
